623
In base 10, what is -83 - 704?
-787
In base 16, what is 3 - -e2902?
e2905
In base 2, what is -10011 + -10000111011100111?
-10000111011111010
In base 5, what is -111 - 4304?
-4420
In base 4, what is -202100110 - 2?
-202100112
In base 5, what is 10 - -101032322?
101032332
In base 10, what is 143 - -22004?
22147
In base 13, what is 5 - -38219?
38221
In base 15, what is 90c + 15?
922
In base 11, what is -47a58 + -1?
-47a59
In base 7, what is 26016241 - 1?
26016240
In base 2, what is -1010001111011001000 + 10?
-1010001111011000110
In base 12, what is 2 + a16b?
a171
In base 16, what is -3a + -7917?
-7951
In base 8, what is -15 + 122005?
121770
In base 12, what is -37838 - -5?
-37833
In base 5, what is -2422 + 13?
-2404
In base 2, what is 11100100010 + 10000?
11100110010
In base 16, what is -3e + -421?
-45f
In base 14, what is 2329b0 - 5?
2329a9
In base 5, what is 124 + -12101012?
-12100333
In base 16, what is -1d8 + 27a1?
25c9
In base 10, what is -3 - -11896?
11893
In base 13, what is 2 - 308012?
-308010
In base 12, what is -2 + -856a?
-8570
In base 15, what is -6 + ce7?
ce1
In base 16, what is -103a + -f6?
-1130
In base 5, what is 100 + -11410214?
-11410114
In base 5, what is -4 - -120300320?
120300311
In base 13, what is -15c76 + -4?
-15c7a
In base 5, what is -234403 - -31?
-234322
In base 16, what is efe - 7?
ef7
In base 11, what is 46999 - -a?
469a8
In base 11, what is 11626 - -5?
11630
In base 14, what is -3c + 744?
706
In base 12, what is 187913 - 0?
187913
In base 4, what is 103222 + 0?
103222
In base 15, what is -546ba - 4?
-546be
In base 2, what is -111 - -10110000101001?
10110000100010
In base 3, what is -12 + 12222102?
12222020
In base 7, what is 5 - 241340?
-241332
In base 11, what is -1012a9a - -4?
-1012a96
In base 8, what is 15462154 - -1?
15462155
In base 9, what is -247 - -108?
-138
In base 6, what is -20312413 + 5?
-20312404
In base 11, what is 235080 - 3?
235078
In base 14, what is 1a5 - 78?
12b
In base 8, what is 0 - 34213?
-34213
In base 8, what is -14 + -13063?
-13077
In base 3, what is 1000 - -120001012?
120002012
In base 7, what is 1 - -13620?
13621
In base 16, what is -13fd7 + 23?
-13fb4
In base 8, what is -5657363 - -6?
-5657355
In base 15, what is -10 - -61e2?
61d2
In base 6, what is 11 - -53242?
53253
In base 14, what is -2a - -182?
156
In base 16, what is 5 + 416e5?
416ea
In base 11, what is 40510 - 2?
40509
In base 5, what is -13130111 + 3?
-13130103
In base 11, what is a15a + 2?
a161
In base 8, what is -5450 - 31?
-5501
In base 4, what is -13332302130 - -11?
-13332302113
In base 2, what is -100111000001001 - 100?
-100111000001101
In base 15, what is -6bd792 - -3?
-6bd78e
In base 3, what is 211221101 + -2?
211221022
In base 15, what is 230 + -43?
1dc
In base 9, what is 130 - 14674?
-14544
In base 15, what is -3 - -245ee?
245eb
In base 16, what is 46a3e + 5?
46a43
In base 5, what is 1 - -121104?
121110
In base 14, what is 5 + c2c?
c33
In base 10, what is -93353 - -1?
-93352
In base 3, what is 200011011011 - 2?
200011011002
In base 10, what is 676 - 3?
673
In base 16, what is -4c8 - -28a?
-23e
In base 2, what is -100 - -110000010101110?
110000010101010
In base 3, what is -22120020 - -21110?
-22021210
In base 2, what is 1011001101111111101 + -11?
1011001101111111010
In base 4, what is 20222220 + -11?
20222203
In base 7, what is 25 + 346205?
346233
In base 4, what is 10003 + -1013221?
-1003212
In base 14, what is 1c - 24b0?
-2492
In base 3, what is 1 - 121202121111?
-121202121110
In base 3, what is -12 + -101021222?
-101022011
In base 15, what is -185895 - -2?
-185893
In base 14, what is -3d06b - -2?
-3d069
In base 10, what is 27 + -2859?
-2832
In base 16, what is -3 + 2fa3?
2fa0
In base 13, what is -2c979 + -10?
-2c989
In base 9, what is -23 - 115?
-138
In base 10, what is 50389 - -2?
50391
In base 15, what is -ae5d - 18?
-ae76
In base 6, what is -124455503 - -1?
-124455502
In base 8, what is 1 + -1054626?
-1054625
In base 15, what is -1064ea + 2?
-1064e8
In base 5, what is 1204323 - 12?
1204311
In base 14, what is 1dc8 - -2?
1dca
In base 14, what is 8725 - 2?
8723
In base 9, what is -2210 + 10?
-2200
In base 3, what is 112200110210202 - 10?
112200110210122
In base 11, what is -3 - 308a39?
-308a41
In base 13, what is -3 + -38b?
-391
In base 5, what is 1 + 1242441?
1242442
In base 12, what is 5 + -771b?
-7716
In base 5, what is -10324 + -342?
-11221
In base 8, what is -421437 + -7?
-421446
In base 16, what is 21 - 1fb?
-1da
In base 11, what is -68 + 2061?
1aa4
In base 4, what is -13 - -23021010?
23020331
In base 11, what is -490 + -4?
-494
In base 4, what is -12013 - -3?
-12010
In base 3, what is -212010212 - 0?
-212010212
In base 3, what is -12 - -112020110?
112020021
In base 6, what is 15413 - 1?
15412
In base 6, what is 242002 - -133?
242135
In base 8, what is 274525 + 4?
274531
In base 15, what is 1294b + 1d?
12969
In base 16, what is -cc1d + -18?
-cc35
In base 3, what is -2121 + -20121010?
-20200201
In base 8, what is -37 + 112670?
112631
In base 6, what is -1021545 + -2?
-1021551
In base 7, what is 212406 + 2?
212411
In base 2, what is -100000 - 110001100?
-110101100
In base 3, what is 11001002220 + -1?
11001002212
In base 10, what is -11596 + 14?
-11582
In base 2, what is 100100101011100100 - 1011?
100100101011011001
In base 5, what is 14133310 - 3?
14133302
In base 8, what is 1246 + 15?
1263
In base 14, what is 4 - -83a28?
83a2c
In base 14, what is -804c2 + 0?
-804c2
In base 13, what is -8b - 2583?
-2641
In base 2, what is -111101001110 - 11000?
-111101100110
In base 11, what is -410a - 16?
-4125
In base 9, what is -5 + 270104?
270088
In base 2, what is 10001100100 - -1001000100?
11010101000
In base 2, what is 1001 - -10010100101000101?
10010100101001110
In base 13, what is 337 - 8?
32c
In base 11, what is -11 + 34931?
34920
In base 6, what is 131244 + 41?
131325
In base 16, what is 0 - -1f836?
1f836
In base 7, what is 5506 + -660?
4516
In base 16, what is 8 + -147e?
-1476
In base 14, what is -10 + 46d?
45d
In base 13, what is -9b7 + -1?
-9b8
In base 4, what is -21033001 + -3?
-21033010
In base 16, what is 6 + -287b?
-2875
In base 7, what is 14461 + 104?
14565
In base 5, what is 424303300 - 0?
424303300
In base 9, what is 1120 - 27?
1082
In base 16, what is -b + -1b1f7?
-1b202
In base 6, what is 21 - -4100344?
4100405
In base 15, what is 4d5 + -3?
4d2
In base 14, what is -a - 7426?
-7432
In base 13, what is 15 - -82a9?
82c1
In base 11, what is 1135 + 0?
1135
In base 11, what is 5 - 349395?
-349390
In base 3, what is -112 - -12021120?
12021001
In base 14, what is 1c7c7d - 3?
1c7c7a
In base 11, what is -68 + -535?
-5a2
In base 8, what is 1330 + -7?
1321
In base 5, what is 331412311 - -3?
331412314
In base 15, what is -66a - -21d?
-44c
In base 10, what is 25742 - 1?
25741
In base 9, what is -6 + 1226455?
1226448
In base 10, what is -422609 - -5?
-422604
In base 16, what is 103403 + -2?
103401
In base 5, what is -1330410 - -32?
-1330323
In base 3, what is 101011102010 - -2?
101011102012
In base 3, what is 212211202 - -1000?
212212202
In base 13, what is 530 + 59?
589
In base 15, what is -2b3c - 1?
-2b3d
In base 11, what is -1598 + -238?
-1825
In base 8, what is 2034 - 1156?
656
In base 14, what is -a31 + -55?
-a86
In base 9, what is -161528 - -14?
-161514
In base 16, what is 13 + 3816?
3829
In base 10, what is 9 + 341876?
341885
In base 10, what is -81963 - 4?
-81967
In base 4, what is 11 - -21123031?
21123102
In base 3, what is 0 - -1022221220?
1022221220
In base 5, what is -22320 - -224?
-22041
In base 3, what is -22 - -21001110?
21001011
In base 13, what is 1062 + -515?
84a
In base 5, what is 32 - 14214001?
-14213414
In base 15, what is -1b1be + 1?
-1b1bd
In base 5, what is 3022240 + -11?
3022224
In base 12, what is a55 - -1?
a56
In base 12, what is 1269 - -20?
1289
In base 13, what is -131298 + -4?
-13129c
In base 3, what is -12 + 1022121121?
1022121102
In base 3, what is 2001111 + 11002?
2012120
In base 6, what is -2 + -104530?
-104532
In base 4, what is 1331022123 - -2?
1331022131
In base 4, what is 123 - 102221?
-102032
In base 16, what is -cfc - 7a?
-d76
In base 14, what is -51 - -ab?
5a
In base 7, what is 1023 + 10052?
11105
In base 9, what is -4582 + -41?
-4633
In base 16, what is -3be5 - -2?
-3be3
In 